, -2*n + 64 = 4*w. Calculate the remainder when x is divided by n.
29
Suppose 0*q - 3*q + 147 = 3*r, -r - 215 = -5*q. Suppose 0 = -3*u + q + 13. What is the remainder when 111 is divided by u?
16
Let w = -9 + 6. Let c be (1/w)/((-3)/(-27)). Let l = 28 + c. Calculate the remainder when 99 is divided by l.
24
Let s(q) = -5*q + 18. Let h(l) = -2*l + 6. Let d(f) = -8*h(f) + 3*s(f). Calculate the remainder when 82 is divided by d(8).
12
Suppose 5*q = 5*z - 140, -z + q - 104 = -4*z. What is the remainder when 263 is divided by z?
32
Let m(s) be the first derivative of s**3/3 - 6*s**2 + 13*s - 2. Calculate the remainder when m(12) is divided by (-10)/(-3)*(-12)/(-10).
1
Suppose 0 = r + 3*m - 11, -3*r = -4*m - 4 - 3. Let x be 1*(-1 + -3) - r. Calculate the remainder when (-3)/6*x*6 is divided by 14.
13
Let x = 92 - 40. Let v = -33 - -52. Calculate the remainder when x is divided by v.
14
Let i(r) = -r**2 + r + 38. Let h be i(-5). Suppose -w + h - 2 = 0. What is the remainder when ((-4)/10)/((-1)/35) is divided by w?
2
Let x = -2 - -1. Suppose -39*i - 4 = -40*i. Calculate the remainder when 11 is divided by (0 + i - 7)*x.
2
Let x = -48 + 209. What is the remainder when x is divided by 85?
76
Let p be 0 + 3 - (0 - 0). Suppose 50 = p*g + 5*m, g - 2*m = 4 - 2. Let n(l) = l**2 + 9*l - 17. What is the remainder when n(-12) is divided by g?
9
Let d(o) = -29*o + 43. What is the remainder when 384 is divided by d(0)?
40
Suppose 4 = l - 3*v - 4, 2*v = -4. Let m(b) = -80 + 77 - 3*b - l*b. What is the remainder when m(-6) is divided by 15?
12
Let h = 0 + -8. Let l(b) = b**3 + 9*b**2 + 5*b + 2. Let f be l(h). Let u = f + 8. What is the remainder when u is divided by 9?
7
Suppose -2*f = 3*o + 2*o + 16, -2*o - 2 = 3*f. Let n = -27 + 31. Suppose -5 + n = -2*l + 3*k, -k + 28 = 5*l. What is the remainder when l is divided by f?
1
Let m be 2 - (2 - (-3 + 2)). Let s = m + 4. Suppose -3*l - 3*f = -39, 5*l = 6*l + s*f - 17. What is the remainder when 31 is divided by l?
9
Suppose 17*m = 7*m + 90. What is the remainder when 91 is divided by m?
1
Let t = -134 + 62. Let j = t + 103. Calculate the remainder when j is divided by 11.
9
Let o = 35 + -17. What is the remainder when 30 is divided by (o/(-15))/((-5)/75)?
12
Suppose 0*v = -3*v. Let m = 83 - 28. What is the remainder when m is divided by 12 - (-2 - v - 0)?
13
Suppose 4*b - 12 = 0, 217 = 2*f + 136*b - 135*b. Suppose -x + 3*o + 98 = 4*x, -5*o = -x + 24. Calculate the remainder when f is divided by x.
12
Let r(u) = 18*u - 2. Let v = 386 + -309. Calculate the remainder when v is divided by r(1).
13
Let w = 23 + 11. Let p = w + -9. Calculate the remainder when 74 is divided by p.
24
Suppose 0 = -4*m + 2*s + 52 + 268, -4*m + 324 = -3*s. Calculate the remainder when 304 is divided by m.
70
Suppose -3*q + 14 = k, k - 2 = 2*q - 3. Suppose -2*h - 1 = 1, 20 = 3*p - k*h. What is the remainder when p is divided by 2?
1
Let r = 171 + -133. Calculate the remainder when 108 is divided by r.
32
Let l(b) = b**3 + b**2 + 64. Let v be ((-7)/(-4) - 2)*0. Calculate the remainder when l(v) is divided by 17.
13
Suppose -2*h - 3 = 13. Let z be (h/5)/(3/(-180)). Suppose s - z = -3*v, v - 3 - 29 = 3*s. What is the remainder when v is divided by 11?
10
Let n be 2*(-1)/(-6)*57. Suppose 5*m + 3*k + 1 = n, -2 = -2*k. Calculate the remainder when m is divided by 2.
1
Suppose 25 = 9*n - 4*n. What is the remainder when 35 is divided by (-2)/((30/(-27))/n)?
8
Let y(u) = u**3 - u**2 - u + 6. Let d(r) = r - 7. Let v be d(7). Let q be y(v). Suppose h + 30 = q*h. What is the remainder when h is divided by 4?
2
Suppose -r - 5*b = -69, 16*r + 207 = 19*r - 4*b. What is the remainder when r is divided by 18?
15
Let t be (-806)/78 - (-2)/(-3). Let p(n) be the first derivative of -n**4/4 - 4*n**3 - 7*n**2 + 2*n + 1. Calculate the remainder when p(t) is divided by 19.
16
Let s(l) = -l**2 + 15*l - 18. Let m be s(14). Let r(u) = 2*u**2 + 9. Let k(a) = a**3 - 2*a**2 - 4*a + 5. Calculate the remainder when r(m) is divided by k(4).
20
Suppose -b - 383 = -11*d + 8*d, -5*b + 5 = 0. What is the remainder when d is divided by 118?
10
Let n(z) = z**3 + 2*z**2 - 8*z - 6. Calculate the remainder when n(5) is divided by 10.
9
Let v = 943 - 849. What is the remainder when 163 is divided by v?
69
What is the remainder when 53 is divided by 620/68 - 6/51?
8
Let y(f) = -f - 7. Suppose s + 3*s + 28 = 0. Let l be y(s). Calculate the remainder when 36 is divided by 2/(-4)*(l + -38).
17
Let z = -170 - -229. What is the remainder when z is divided by 16?
11
Suppose -4*b - 16 = -104. Suppose 0 = -10*j + 19 + 61. Calculate the remainder when b is divided by j.
6
What is the remainder when (28/(-21))/(-1*(-4)/(-114)) is divided by 4?
2
Let u(c) = -114*c - 667. What is the remainder when 51 is divided by u(-6)?
0
Suppose 0 = 41*m - 1072 - 4668. Calculate the remainder when m is divided by 73.
67
Let i(p) = 111*p**2 - 11*p - 10. What is the remainder when i(-1) is divided by 59?
53
Let n be (-258)/15*(-5)/2. What is the remainder when 3/6 + n/2 is divided by 8?
6
Let y = 113 + -77. What is the remainder when (426/(-24))/(2/(-8)) is divided by y?
35
Let o = 8 + 1. Let l(a) be the first derivative of a**2/2 + a + 8. Calculate the remainder when o is divided by l(5).
3
Let r = 7027 + -7023. Suppose 3*c = c + 18. What is the remainder when c is divided by r?
1
Suppose 4*q - 220 = 5*p, -5*q - 3*p = -248 + 10. What is the remainder when 147 is divided by q?
47
Let g(u) be the third derivative of -u**5/60 + u**4/24 - 2*u**3/3 - 3*u**2. Let p be g(3). What is the remainder when (5/p)/(2/(-164)) is divided by 11?
8
Let p(j) = 3*j**2 - 35*j + 50. What is the remainder when 154 is divided by p(11)?
14
Let i = 2222 - 2206. Suppose 3*s + 0 = 3*h + 3, -4*s - 1 = -5*h. Let q(t) = -t**3 + 7*t**2 - 6*t + 6. What is the remainder when i is divided by q(s)?
4
Let a be 5/(-3) - 6/(-9). Let l = -1955 - -2037. What is the remainder when l is divided by 27 - (a/(-1) + -2)?
26
Let o(z) = z - 3. Let k be o(0). What is the remainder when 96 is divided by -1 - k - (0 + -7)?
6
Let t = -1 + 2. Let u = 4 + t. Suppose -q + 98 = u*i, -4*q = 2*i + i - 52. Calculate the remainder when i is divided by 11.
9
Calculate the remainder when 175/7*(-1 - -8) is divided by 22.
21
Let s(b) = b**2 + 7*b + 6. Let v be s(-6). Suppose -5*f - 3*j = -235, 0 = -v*f + 5*f - 5*j - 195. Calculate the remainder when f is divided by 16.
12
Let k be ((-8)/6)/(1/3). Let l be (-432)/45 + k/10. Let a(u) = u**2 + 6*u - 7. What is the remainder when a(l) is divided by 9?
6
Suppose n = 4*n - 267. Let p = 98 - n. What is the remainder when 25 is divided by p?
7
Let q = 6 + 4. Let k = -47 - -65. What is the remainder when k is divided by q?
8
Suppose -7*c - 50 + 29 = 0. What is the remainder when c/((27/102)/(-3)) is divided by 15?
4
Let c = -104 + 164. Calculate the remainder when 297 is divided by c.
57
Suppose 10*i - 17*i = -2597. Calculate the remainder when i is divided by 17.
14
Let f be (-12)/(-8)*6/9. Let x be 21 + (f + 2 - 2). Calculate the remainder when 370/x + (-10)/(-55) is divided by 6.
5
Suppose -g - 1 + 15 = -2*m, -100 = -4*g - 3*m. What is the remainder when 107 is divided by g?
19
Let z(a) = -a**3 + 19*a**2 + 19*a + 50. What is the remainder when 179 is divided by z(20)?
29
Suppose -2*g - 2*t = 34, -g = 3*t - 0 + 25. Let d = g - -18. Suppose d*a - 5 = -m, -92 = -3*m - 3*a - 29. Calculate the remainder when 97 is divided by m.
22
Let h be (-5)/(-20) + 45/12. Suppose h*k = 28 + 16. What is the remainder when 7 is divided by (k - 3)*1/2?
3
Suppose -9*s + 152 = -613. Calculate the remainder when s is divided by 29.
27
Calculate the remainder when 309 is divided by ((-790)/25)/(3/((-15)/2)).
72
Let t be (2/3)/((-4)/(-18)). Suppose -t*m - 4*h + 83 = 0, 0 = 2*m + h - 4*h - 61. Suppose 83*f - 95*f = -96. What is the remainder when m is divided by f?
5
Suppose 0 = -2*i + 2*g - g + 14, g - 21 = -5*i. Let p(t) = -2*t + 7. What is the remainder when i - 5 - 178/(-2) is divided by p(-8)?
20
Suppose -10*z - 106 = -486. What is the remainder when z is divided by 27?
11
Let p(x) = -2*x + 38. What is the remainder when 152 is divided by p(-7)?
48
Let k(l) = -43*l - 296. What is the remainder when 1334 is divided by k(-7)?
4
Suppose 208 = 2*m - 3*k